84.
2, 3, 373, 84199
List the prime factors of 13922097.
3, 7, 662957
What are the prime factors of 43609606?
2, 37, 499, 1181
List the prime factors of 1879834335.
3, 5, 125322289
List the prime factors of 532312794.
2, 3, 13, 2274841
What are the prime factors of 65921321?
29, 89, 25541
What are the prime factors of 3263266672?
2, 203954167
List the prime factors of 46750397.
6451, 7247
List the prime factors of 51743837.
401, 129037
List the prime factors of 8236892937.
3, 7, 13, 30171769
List the prime factors of 5093297174.
2, 7, 491, 740951
List the prime factors of 5466642469.
5466642469
What are the prime factors of 998322822?
2, 3, 7, 31, 255587
List the prime factors of 91077457.
101, 109, 8273
List the prime factors of 201389988.
2, 3, 379, 44281
List the prime factors of 494993894.
2, 61, 269, 15083
List the prime factors of 12549499.
53, 236783
What are the prime factors of 3145005157?
7, 461, 974591
What are the prime factors of 43731056?
2, 47, 58153
What are the prime factors of 4896098518?
2, 347, 7054897
List the prime factors of 514370697.
3, 499, 343601
What are the prime factors of 1711962317?
13, 113, 251, 4643
What are the prime factors of 1467033526?
2, 7, 4789, 21881
What are the prime factors of 384864104?
2, 29, 43, 173, 223
List the prime factors of 42274364.
2, 11, 137, 7013
What are the prime factors of 812898037?
7, 116128291
What are the prime factors of 2491148702?
2, 7, 293, 607301
What are the prime factors of 256184592?
2, 3, 47, 113557
What are the prime factors of 230754311?
17, 37, 366859
What are the prime factors of 259117271?
7, 37016753
List the prime factors of 376104726.
2, 3, 41, 701, 727
What are the prime factors of 2504835402?
2, 3, 31, 89, 337, 449
What are the prime factors of 65199950?
2, 5, 73, 17863
List the prime factors of 6181691527.
11, 1723, 326159
What are the prime factors of 29478100?
2, 5, 294781
List the prime factors of 326217132.
2, 3, 167, 6029
List the prime factors of 61496426.
2, 19, 1618327
What are the prime factors of 261080037?
3, 9669631
What are the prime factors of 3325354772?
2, 2441, 340573
What are the prime factors of 818362428?
2, 3, 13, 31, 197, 859
What are the prime factors of 4586964356?
2, 13, 88210853
What are the prime factors of 1252601820?
2, 3, 5, 17, 15161
What are the prime factors of 64190034?
2, 3, 383, 9311
What are the prime factors of 219038163?
3, 73012721
What are the prime factors of 340145328?
2, 3, 7086361
List the prime factors of 336695396.
2, 5867, 14347
What are the prime factors of 247969978?
2, 123984989
What are the prime factors of 940659263?
940659263
What are the prime factors of 3323468588?
2, 11, 127, 594751
What are the prime factors of 540737075?
5, 269, 80407
List the prime factors of 302007380.
2, 5, 17, 888257
List the prime factors of 2954911738.
2, 41, 109, 269, 1229
List the prime factors of 744022823.
89, 233, 35879
List the prime factors of 1785492796.
2, 17, 131, 200437
List the prime factors of 23488795.
5, 11, 427069
What are the prime factors of 235043742?
2, 3, 39173957
List the prime factors of 14301709.
17, 841277
What are the prime factors of 486574485?
3, 5, 32438299
List the prime factors of 41206163.
79, 223, 2339
List the prime factors of 12932441.
12932441
What are the prime factors of 553630105?
5, 7, 15818003
List the prime factors of 3231366681.
3, 17, 73, 867947
List the prime factors of 1004196749.
17, 103, 587, 977
List the prime factors of 571571362.
2, 1187, 240763
List the prime factors of 4951880506.
2, 547, 607, 7457
What are the prime factors of 566483305?
5, 31, 211, 17321
What are the prime factors of 49697544?
2, 3, 13, 159287
List the prime factors of 3074598436.
2, 7, 13, 47, 179717
What are the prime factors of 8728584?
2, 3, 363691
List the prime factors of 187685968.
2, 11730373
List the prime factors of 1995534952.
2, 3347, 74527
List the prime factors of 74577511.
1487, 50153
List the prime factors of 286458845.
5, 139, 412171
What are the prime factors of 61075053?
3, 13, 31, 1871
What are the prime factors of 3390128010?
2, 3, 5, 19, 23, 86197
What are the prime factors of 867441225?
3, 5, 7, 31, 53299
What are the prime factors of 1240618094?
2, 620309047
What are the prime factors of 141259704?
2, 3, 5885821
List the prime factors of 74563510.
2, 5, 7, 37, 28789
List the prime factors of 130016072.
2, 109, 149101
What are the prime factors of 468406754?
2, 37, 193, 32797
List the prime factors of 164287659.
3, 37, 641, 2309
List the prime factors of 616800125.
5, 4934401
What are the prime factors of 1988369274?
2, 3, 23, 14408473
List the prime factors of 42861960.
2, 3, 5, 13229
List the prime factors of 3635490.
2, 3, 5, 179, 677
List the prime factors of 323765314.
2, 3217, 50321
What are the prime factors of 2688602007?
3, 7, 13, 31, 269, 1181
List the prime factors of 1573362374.
2, 19, 887, 46679
What are the prime factors of 11894320?
2, 5, 157, 947
List the prime factors of 16350234.
2, 3, 43, 127, 499
List the prime factors of 432055090.
2, 5, 139, 310831
List the prime factors of 517913005.
5, 103582601
List the prime factors of 3922669046.
2, 17, 115372619
List the prime factors of 65426851.
7, 9346693
What are the prime factors of 102597192?
2, 3, 158329
What are the prime factors of 1241756274?
2, 3, 11, 31, 606919
What are the prime factors of 2569501693?
11, 41, 5697343
What are the prime factors of 1547789575?
5, 653, 94811
What are the prime factors of 46039081?
11, 269, 15559
List the prime factors of 54030908.
2, 19, 710933
What are the prime factors of 558780164?
2, 1009, 138449
List the prime factors of 892053578.
2, 13, 2063, 16631
What are the prime factors of 1192168691?
7, 59, 2886607
List the prime factors of 1410307675.
5, 7, 17, 23, 20611
What are the prime factors of 272675044?
2, 68168761
What are the prime factors of 199402003?
193, 1033171
List the prime factors of 202117421.
11, 19, 37, 59, 443
What are the prime factors of 3766196666?
2, 373, 1373, 3677
What are the prime factors of 282617777?
13, 21739829
List the prime factors of 14630975.
5, 587, 997
List the prime factors of 278780389.
278780389
What are the prime factors of 89008818?
2, 3, 14834803
What are the prime factors of 124488734?
2, 211, 294997
List the prime factors of 318724509.
3, 2179, 48757
What are the prime factors of 104991092?
2, 53, 495241
List the prime factors of 769400417.
53, 127, 151, 757
What are the prime factors of 2309147988?
2, 3, 7, 43, 639299
List the prime factors of 16229677.
71, 228587
What are the prime factors of 983198112?
2, 3, 13, 23, 34253
What are the prime factors of 29139339?
3, 9713113
What are the prime factors of 2306217884?
2, 576554471
What are the prime factors of 4848620?
2, 5, 7, 59, 587
List the prime factors of 149370988.
2, 13, 79, 2797
What are the prime factors of 4403726163?
3, 701, 232669
List the prime factors of 1475939975.
5, 1009, 58511
What are the prime factors of 529120777?
529120777
List the prime factors of 111985329.
3, 37328443
What are the prime factors of 10801678?
2, 5400839
List the prime factors of 2043399520.
2, 5, 127, 227, 443
List the prime factors of 403568490.
2, 3, 5, 13, 1034791
List the prime factors of 21998605.
5, 4399721
List the prime factors of 518248921.
19, 27276259
What are the prime factors of 820103549?
359, 929, 2459
List the prime factors of 6389002822.
2, 1861, 1716551
List the prime factors of 46914041.
46914041
List the prime factors of 71732393.
103, 563, 1237
What are the prime factors of 156050475?
3, 5, 7, 131, 2269
What are the prime factors of 3315042881?
449, 769, 9601
List the prime factors of 1012319206.
2, 506159603
List the prime factors of 153475659.
3, 71, 461, 521
What are the prime factors of 51437627?
51437627
What are the prime factors of 550177388?
2, 23, 5980189
List the prime factors of 409781060.
2, 5, 13, 41, 2957
What are the prime factors of 3588099800?
2, 5, 17940499
What are the prime factors of 94723970?
2, 5, 11, 293, 2939
List the prime factors of 116181471.
3, 7, 73, 75787
List the prime factors of 275629329.
3, 30625481
List the prime factors of 598566288.
2, 3, 12470131
What are the prime factors of 325274030?
2, 5, 37, 879119
What are the prime factors of 714